 digit of (-57)/m - x/8?
5
Let v(w) = 5*w**2 + 2*w - 1. Suppose -3*m = -4*a + 5, -5*a + 13 = 3*m - 0. What is the units digit of v(m)?
6
Let x be (7 + -5)*1/(-2). Let g be (1 + x)/(-1) + 2. Suppose -g*d + 13 = -d. What is the tens digit of d?
1
Let v(r) = 7*r**2 + 4. Suppose -6 = y - 2*w, 5*y - y - 5*w + 12 = 0. What is the tens digit of v(y)?
3
Let w = -7 + -42. What is the units digit of (6/1)/((-14)/w)?
1
Let a(p) = -p**3 - p**2 + 3*p + 4. Suppose -21 = 5*w - 0*w - 2*f, w = -4*f + 9. What is the tens digit of a(w)?
1
Let u(b) = b**3 - 6*b**2 - 6*b - 1. What is the units digit of u(7)?
6
Suppose -5*p = -5*z + 65, p + 2*p - 73 = -5*z. What is the units digit of z?
4
Suppose 2*r + 5 - 13 = 0. Suppose 2*t = -3*a + 1 + 2, 3*a - r*t = 21. Suppose 3*x - a = -0*x. What is the units digit of x?
1
Suppose 92 + 73 = 3*y. Suppose 6*q - 29 = y. What is the units digit of q?
4
Suppose -w = -0*w - 5. Suppose 4*k + 2 = 14. Suppose 1 = -4*z + 4*h + w, z + 1 = k*h. What is the units digit of z?
2
What is the units digit of (2089/(-30) - 4/(-30))*-2?
9
Let p = 7 + -5. Let f be (-28)/(-6) - p/3. Suppose -f*u - 14 = -50. What is the units digit of u?
9
Suppose -5*a + 375 = -0*a. What is the units digit of a?
5
Let c(t) = t**2 + 6*t - 4. Let n be c(-7). Suppose -2*h = n*h - 15. Suppose h*b = 23 - 2. What is the units digit of b?
7
Let m(s) = s + 8. Suppose -5*n + 2*f - 23 = 0, -3*n - 16 = -2*f + 3*f. Let i be m(n). Suppose 0 = i*o - 0*o - 3. What is the units digit of o?
1
Let w be (-10)/(-45) - (-16)/9. Suppose w*y - 31 = -0*h + 3*h, -4*y + 41 = h. What is the units digit of y?
1
Let b(f) = -4*f - 2. Suppose 0 = -4*j - 7 - 1. What is the units digit of b(j)?
6
Suppose 4*l + 3*p = 26, -3*l - 3*p - 4 = -5*l. Suppose 0 = -l*c + 10 + 5. What is the units digit of c?
3
Let o = -17 - -23. What is the units digit of o?
6
Let t(j) = -3*j - 35. What is the tens digit of t(-23)?
3
Let i = -25 + 42. What is the tens digit of i?
1
Let v(j) = -j + 21. What is the units digit of v(12)?
9
What is the units digit of (-686)/(-8) + 5/(60/(-9))?
5
Suppose -3*d + 7*d = 12. Suppose d*x = 7*x - 96. What is the units digit of x?
4
Let y(z) = 8*z + 7. Let o be y(-7). Let h = -23 - o. What is the tens digit of h?
2
Let f(n) = n**3 - n**2 + n. Let v be f(2). Let y = v - 1. Suppose -13 - 2 = -y*b. What is the units digit of b?
3
Let k = -1 + 11. Suppose 11*x = k*x + 16. What is the units digit of x?
6
Let a = 16 + -33. Let q = a + 21. What is the units digit of q?
4
Suppose -4*g + 40 = -2*y, -5*g + 2*g + 23 = -5*y. What is the units digit of g?
1
Let w = -176 - -297. What is the units digit of w?
1
Let l(p) = 11*p**2 + p - 1. Suppose -4*d = -12, 0 = 4*x - d + 2 - 3. What is the units digit of l(x)?
1
Let i = -23 + 105. What is the tens digit of i?
8
Let z(x) = 23*x - 7. Let t be z(11). What is the tens digit of t/21 + 8/28?
1
Let r(v) = -v**3 + 11*v**2 + 7*v - 18. What is the tens digit of r(10)?
5
Suppose -b + 19 = -5. Let o = b + -10. What is the units digit of o?
4
Suppose -4*m = -2*m - 400. What is the tens digit of m?
0
Let c(j) = j**2 - 4*j + 3. Let u be c(5). Suppose -u*p + 135 = -3*p. What is the units digit of p?
7
Let o(m) = -m**2 + 10*m + 11. What is the tens digit of o(9)?
2
Let l(p) = -8*p**3 - 2*p**2 - p. Let b be l(-1). Let o(z) = 10*z + b*z + 2 - 9*z. What is the units digit of o(2)?
8
Let i(x) = 2*x**2 + 7*x + 1. Let y be i(-6). Suppose 4*a + 3*t = -8, -2*a + 4*t - y = a. Let n = -4 - a. What is the units digit of n?
1
Suppose 0 = -4*f - 2*r - 4, 2*f - 5*f - 3 = 5*r. Let l = f - 2. What is the units digit of 1/l + (-32)/(-6)?
5
Suppose -8*b = -10*b + 44. What is the units digit of b?
2
Let x(o) = 0*o**2 - 3*o**3 + o + 4*o**3 + 5*o**2 - 1. Let f = 3 - 5. What is the units digit of x(f)?
9
Suppose -4 = -3*o + 2. Suppose -5 = -o*g + 9. What is the units digit of g?
7
Let f = 1 + 0. Suppose -2*n - 2*n = -4. Let l = n + f. What is the units digit of l?
2
What is the tens digit of (6/18)/(1/51)?
1
Let q(j) = -j**3 - 7*j**2 - 6. Let h be q(-7). What is the units digit of h/4 - 46/(-4)?
0
Let p(u) = -u**3 - 7*u**2 + 7*u - 6. Let z be p(-8). Suppose 0 = z*t - 5*t + 81. What is the units digit of t?
7
Suppose -3*z - 4*i - 2 = -30, 2*z - 12 = 4*i. Suppose 2*w = -z, 3 = 4*d + d + 3*w. What is the units digit of (-39)/(-9) - (-2)/d?
5
Let o = 17 - 10. Let w = 15 - o. What is the units digit of w?
8
Let a(n) = 27*n**2 - 3*n + 2. What is the tens digit of a(1)?
2
Let k = 533 - 308. What is the units digit of k?
5
Suppose 0 = -3*o - 4*t + 31, 5*o + 2*t + t - 59 = 0. What is the units digit of o?
3
Let j(y) = y**2 - 5*y + 15. What is the units digit of j(7)?
9
Let i(h) = -10*h - 9. Let r(g) = 19*g + 19. Let p(w) = 9*i(w) + 4*r(w). Let b(t) = 7*t + 2. Let y(a) = -5*b(a) - 2*p(a). What is the tens digit of y(-2)?
1
Suppose -s = u - 5, 4*s - 5*u + 10 = 39. Let t be s/4*(-8)/(-6). Suppose t*m = 4*w - 0*m - 46, -5*w + 4*m = -53. What is the tens digit of w?
1
Let m(v) = v**3 - 2*v**2 - 4*v + 7. Let t be m(4). Let n = -14 + t. What is the units digit of n?
9
Let u(b) = -b**3 - 11*b**2 - 2*b - 16. Let z be u(-11). Let q = 6 - z. Suppose -o = 3*w - 41, w + 0*w - 3*o + 3 = q. What is the tens digit of w?
1
Suppose 0 = 4*a + 2*c - 256, -5*c + 3 = 23. What is the tens digit of a?
6
Let x = 17 - 10. Let u = -12 + 8. Let n = x + u. What is the units digit of n?
3
Suppose 2*k + 3*t = 27, -2*k + 17 = 6*t - t. What is the units digit of k?
1
Suppose -5*g + 355 + 175 = 0. What is the hundreds digit of g?
1
Let m(z) = 8*z**2 - z. Let t be m(-1). Suppose -5*x + t*x = 44. What is the units digit of x?
1
Let t(i) be the first derivative of 11*i**3/3 + i - 10. What is the units digit of t(-2)?
5
Suppose -4*k - 5*u = -9, u - 3*u + 30 = -5*k. What is the units digit of -10*5/(25/k)?
8
Suppose -2*u - 2*h = h - 47, -4*u + 89 = 5*h. What is the units digit of u?
6
Let a(j) = 22 + 2*j + 24 + 1. What is the tens digit of a(0)?
4
Suppose 0 = -0*m - m + x + 6, 4*x = -8. Suppose 0 = -3*g - 4*s - m, 3*g - 3*s - 2 - 22 = 0. What is the units digit of g?
4
Let h(j) = j**3 - 5*j**2 + 3*j + 3. Let p be h(5). Suppose p = -5*z + 3*m, -6 - 4 = 5*z + 5*m. Let q(t) = -t**2 - 2*t + 4. What is the units digit of q(z)?
1
Let o(b) = -b**3 + 11*b**2 - 13*b + 4. What is the units digit of o(9)?
9
Let b(j) = j**3 + 6*j**2 - 3*j + 4. Let p be b(-6). Suppose 4*n = y - 57, 2*n - 5 - p = -y. What is the units digit of y?
7
Let m(u) be the second derivative of -u**7/2520 + u**6/80 - u**4/6 + 2*u. Let a(f) be the third derivative of m(f). What is the units digit of a(8)?
8
Let p(y) = y**3 + y**2 - 3*y + 3. Let j(u) = -2*u + 2. Let w(v) = -3*j(v) + 2*p(v). Let b be w(-2). What is the tens digit of 2 - (-3)/3 - b?
1
Let y(l) = -l**3 - 6*l**2 - 3*l + 1. Let p be y(-5). Let i = p + 15. What is the units digit of i?
6
Let z = 20 + 109. What is the tens digit of z?
2
Let u be 1*((1 - 0) + -1). Let t = 9 - 5. Let w = t + u. What is the units digit of w?
4
Let x be (-2 - -3) + (-2)/(-2). Let s(z) = 2*z**3 - z**2 + 1. What is the tens digit of s(x)?
1
Suppose 0*g = -2*g - 20. Let d = -8 - g. Suppose -3*t + 3*s = -d*s - 14, 2*t + 5*s - 26 = 0. What is the units digit of t?
8
What is the hundreds digit of 7312/32 + (-2)/4?
2
Suppose -35 = -5*p - 0*p. Let s = p - 9. What is the units digit of ((-7)/s + -3)*34?
7
What is the tens digit of (4 + 15/6)*10?
6
Let r = -92 + 171. What is the tens digit of r?
7
Let i(u) = -u**3 - 7*u**2 + 10*u - 4. Let y be i(-8). Let a = y + 33. What is the tens digit of a?
1
Let a(h) = h + 5. Let u be a(0). Suppose 0 = -u*m + 4*k + 23, 0 = 2*m - 2*k + 5*k. Suppose -m*v = 4*o - 11, -4*o + 17 = 5*v + 4. What is the units digit of o?
2
Let o = 15 + -6. Suppose -4*w = -o*w + 30. Let b = w + -3. What is the units digit of b?
3
Let t(h) = -h + 3 - h - 1. Let x be t(2). What is the units digit of (-12)/(-4) + x/(-2)?
4
Suppose -3*j = -4*j + 2. Let x(s) = s**3 - 7*s**2 + 8*s + 4. Let p be x(6). Suppose 4*w - j*i = 4, -4*w + 4*i = -8*w + p. What is the units digit of w?
2
Suppose -q + z = 3*z + 8, -2*q - z - 10 = 0. Let l = q - -9. Suppose -l = 3*w - 44. What is the units digit of w?
3
Suppose 0 = -5*i - 0*i + 25. Suppose 0*u = i*u - 20. What is the units digit of u?
4
Let k = 10 + -25. Let m = -3 - k. What is the units digit of 